 5*k**2 + 6 + 4*k**3. Let h be (5 - (-2)/2) + 0. What is the units digit of v(h)?
6
Let a be (-2 - -1)*(-30)/(-3). Suppose 0 = -3*s - 7 - 8. What is the units digit of (-41)/s - (-2)/a?
8
Let z = 141 + -67. Suppose v - z = -v. What is the tens digit of v?
3
Let i(q) = 2*q**2 + 2*q - 11. What is the tens digit of i(8)?
3
Suppose -3*v - 4*p + 21 = 0, -24 = -5*v - 3*p - 0*p. Suppose 2*r - v*k = -6, -4*r - k = k - 20. Let l = 5 - r. What is the units digit of l?
2
Let j = 88 + -57. What is the tens digit of j?
3
Let x be 2 - (2 + -1 - 15). Let s = x - 8. What is the units digit of s?
8
Let x = 4 - 4. Let k be (2/(-6))/((-1)/27). Let n = k - x. What is the units digit of n?
9
Let p(f) be the third derivative of -1/60*f**5 - 1/2*f**3 + 0*f - 3*f**2 + 0 - 3/8*f**4. What is the units digit of p(-6)?
5
Suppose -30 = -4*u + 2*u. What is the tens digit of u?
1
Let n(o) = -8*o - 7. Let w(u) = u. Let p(c) = n(c) + 5*w(c). What is the units digit of p(-6)?
1
Let a(i) be the first derivative of i**4 - i + 3. Suppose 3*s + l - 1 = 0, -s + 0 - 1 = l. What is the units digit of a(s)?
3
Suppose w + 40 = 6*w. Suppose 5*z = 2*t + 10, -t - 5 = -3*z + 2. Suppose z*u + w = -2*g, u = -2*g - 2*u - 3. What is the units digit of g?
6
Let w = 0 - -21. Suppose 6*z - z = 0. Suppose 2*f + f - w = z. What is the units digit of f?
7
Let c(r) = -8*r + r**2 + 3*r + 0*r**3 - r**3 + 6*r**2 - 6. Let h be c(6). Suppose h = 2*v - 4*v + 22. What is the tens digit of v?
1
Suppose -1 + 9 = 4*w. Suppose w*p = 4*h - 14, 2*h + 5 = 4*p + p. Suppose 7 = -p*t + 28. What is the units digit of t?
7
Let i(u) = 19*u + 1. What is the tens digit of i(4)?
7
Let f(j) = 23*j**2 + j + 1. What is the units digit of f(-1)?
3
Let z = 7 - -13. What is the tens digit of z?
2
Suppose 0 = 4*y - 15 - 21. What is the units digit of y?
9
Suppose -7*q - 23 = -1108. What is the hundreds digit of q?
1
Let b = -6 - -6. Suppose b = u + u - 42. What is the units digit of u?
1
Let l(q) = -q**3 + 10*q**2 + 11*q + 11. What is the tens digit of l(11)?
1
Suppose 3*q - o + 2 = 4*q, 0 = -o. Suppose 56 = 4*h - 4*m, 4*h - q*h + 3*m - 33 = 0. What is the tens digit of h?
1
Suppose -5*r = y - 2*y + 30, -180 = -5*y - 5*r. What is the units digit of y?
5
Suppose -3*p + 4*t = 12, 0*t + 6 = 2*t. Let n = 2 + p. What is the units digit of n?
2
Suppose l - 39 = 2*b - 98, -5*b + 143 = 2*l. What is the units digit of b?
9
Let i = 42 - 29. Suppose -s + i = -3*s + 5*l, 4*s + 3*l = 13. What is the units digit of s?
1
Let y = 175 - -166. What is the units digit of y?
1
Let x(s) = 2*s. Let t(l) be the second derivative of 5*l**3/3 - l**2/2 + 2*l. Let z(r) = -2*t(r) + 11*x(r). What is the units digit of z(3)?
8
Let s = 0 + -7. Let q be 5*7/(s/(-6)). Let d = q - 16. What is the tens digit of d?
1
Suppose -4*h - 497 = -11*h. What is the units digit of h?
1
Let o = -5 + 5. Suppose b + 3 = 4*l - o*l, -b = 2*l - 15. What is the units digit of b?
9
Suppose -81 = -3*z + 18. What is the units digit of z?
3
Let q = 4 + 2. Suppose q*g - g = 5. What is the units digit of g?
1
Suppose -5*i = -3*n - 130, -3*i + 135 = 2*i - 2*n. What is the units digit of i?
9
Let c(t) = -t**2 - 6*t + 2. Let m be c(-6). Let o be (-3)/(18/39)*6. What is the units digit of o/(-3) + (1 - m)?
2
Let q(s) = s**3 - 11*s**2 + 11*s - 10. Let a be q(10). Let v be (1 - a) + 6 + 12. Let y = -11 + v. What is the units digit of y?
8
Suppose -868 = -2*t - 126. What is the units digit of 3/(-5) + t/35?
0
Suppose -w - 2 = -2*w. Let c be 5/(w + (3 - 6)). Let x = 8 + c. What is the units digit of x?
3
Let y = 16 + 24. What is the units digit of y?
0
Suppose -4*j + 4 = 0, 2*k - 14 = 4*k + 2*j. What is the units digit of k/(-4 - (-150)/39)?
2
Let r be 1/1 + -3 - -5. Suppose -40 = -7*n + r*n. What is the units digit of n?
0
Let k(h) = -4*h + 36. What is the tens digit of k(0)?
3
Suppose 0 = -r + 5*z - 10*z + 20, 53 = 2*r - 3*z. Suppose -4*d = 5 - r. What is the units digit of d?
5
Suppose -2*v - 5*z + 30 = 0, 3 = z - 1. Suppose 2 = -2*a + 12. What is the units digit of (6 - 0)*v/a?
6
Suppose -b - 2 = -2*b. Suppose -2*q + m + 83 = -b*m, -3*q + 96 = 5*m. What is the units digit of q?
7
What is the tens digit of (-1785)/14*8/(-10)?
0
Let o be 3/(2 + 14/(-4)). Suppose 4*v - 16 = -0*v. Let g = o + v. What is the units digit of g?
2
Let x(f) be the second derivative of 3/2*f**2 + 4*f + 1/3*f**3 + 0 - 1/20*f**5 - 1/12*f**4. What is the units digit of x(-2)?
3
Let k = 5 + -2. Suppose -5*z + k*a + 304 = 0, 0*z - 3*a = -z + 56. Suppose 5*u - z = -12. What is the tens digit of u?
1
Let a(l) = -3*l**3 - 10*l**2 + 11*l - 2. Let b(m) = 5*m**3 + 19*m**2 - 21*m + 3. Let g(n) = -7*a(n) - 4*b(n). What is the tens digit of g(5)?
1
Suppose 0*d - d + 1 = o, 2*o + 22 = 4*d. Suppose -d*t + 8 = -3*t. Suppose -4*g + 2*g = -t. What is the units digit of g?
4
Let q = 43 + 58. What is the hundreds digit of q?
1
Let f(d) = d + 4. Let x be f(-4). Suppose x = -5*h + 8 + 2. Suppose -3*r = -2*c + 29, -2*c - 5*r + 3 = h*c. What is the units digit of c?
7
Suppose -82 - 73 = -5*r. What is the tens digit of r?
3
Suppose -2*r - 700 = -6*r. What is the hundreds digit of r?
1
Suppose 0 = 3*r + 4*b, 4*r - 27 = r + 5*b. Let j(q) = 2*q + 1. What is the units digit of j(r)?
9
What is the units digit of (9/27)/((-2)/(-60))?
0
Suppose 4*t - 5*q = -19, 1 - 11 = 2*t - 2*q. Let o = t + 10. What is the units digit of o?
4
Let f(x) = -2*x**2 - x - 1. Let k be f(-2). What is the tens digit of k/35 + 86/5?
1
Let q(f) = f**2. Let p be q(1). Let o = p + 15. Suppose -n + o = n. What is the units digit of n?
8
Suppose -4*t - 12 = 0, -5*t + 47 = 2*h - 422. What is the hundreds digit of h?
2
Suppose -3*j - 8 - 18 = -4*z, 4*z - 12 = 2*j. Let t be (-65)/7 + 2/7. Let u = t - j. What is the units digit of u?
5
Suppose 0 = 3*f + 7 - 52. Suppose 4*s + s - f = 0. What is the units digit of 8 + s*(-2)/(-6)?
9
Let p(d) = 3*d**2 + 2*d - d - 2 - 3*d. Let u be p(-4). Suppose 2*i + 3*r - 5*r = 24, 5*i = 2*r + u. What is the tens digit of i?
1
Let j(b) = b**3 + b + 34. What is the tens digit of j(0)?
3
Let p(a) = 4*a**2 - 6*a + 7. What is the tens digit of p(7)?
6
Suppose 0 = 3*c - 25 - 701. What is the tens digit of c?
4
Let f(o) = -o + 4*o + 6*o - 8 - o**2. Suppose 6 = -r + 2*r. What is the tens digit of f(r)?
1
Let g(i) = -i**3 + 11*i**2 + 3*i + 3. What is the units digit of g(5)?
8
Let m = 0 - 2. Let f = m + 1. Let i = f - -8. What is the units digit of i?
7
Let l(d) = -d + 5. Let o be l(4). What is the tens digit of o*(-33)/12*-4?
1
Suppose 0*g - 36 = -3*g - 2*n, 11 = g + n. Suppose -4*y = -86 + g. What is the units digit of y?
8
Let g(w) = -w**3 + w**2 - 2*w + 44. What is the tens digit of g(0)?
4
Suppose -5*o = -3*b - 20, -9 + 21 = 5*b + 3*o. Suppose -h - 3*h + 96 = b. What is the tens digit of h?
2
Let t = 6 - 0. Suppose 0 = r - t*r + 40. What is the units digit of r?
8
Let d = -23 + 38. What is the tens digit of d?
1
Let k be ((-2 - 0) + -4)/1. Let s = k - -12. Suppose -s = -5*c + 4. What is the units digit of c?
2
Let i(j) = j**2 - 9*j + 6. Let x be i(8). What is the tens digit of x/(-7) - 2504/(-56)?
4
Let r(l) = l**3 + 4*l**2 + 1. What is the tens digit of r(-3)?
1
Let d(v) = 2*v**2 - 12*v + 4. What is the tens digit of d(8)?
3
Let u = 193 + -118. What is the tens digit of u?
7
Let n(l) = 3*l**2. What is the units digit of n(-4)?
8
Let o(g) = 3*g**2 - 27*g - 17. Let q(j) = j**2 - 13*j - 8. Let w(t) = -2*o(t) + 5*q(t). What is the units digit of w(-5)?
4
Let k = -7 - -11. Suppose 74 + k = 2*b. What is the tens digit of b?
3
Let r(s) = 13*s - 22. What is the units digit of r(8)?
2
Let f be ((-8)/24)/(2/(-30)). Suppose 4*x - f = 7. What is the units digit of x?
3
Suppose 394 = 8*s - 510. What is the tens digit of s?
1
Let a be (41 - 1) + 3 + -4. Let l = a - 27. What is the units digit of ((-20)/6)/((-8)/l)?
5
Let s be 2*(1 - (-2)/(-4)). Suppose -s = 2*m + 1. Let d = m + 7. What is the units digit of d?
6
Let t(w) = 15*w - 5. What is the units digit of t(6)?
5
Let i = -101 + 108. What is the units digit of i?
7
Suppose -7*d - 8 = -3*d. Suppose 0 = 3*c + u - 74, -2*u = -4*c - 48 + 130. Let y = c + d. What is the tens digit of y?
2
Let v be (0 - -10) + (-6)/(-3). Let a = 8 + -10. Let d = v + a. What is the tens digit of d?
1
Suppose 5*m = -2*b + 1083, m + 